 + 14110. Calculate the remainder when m is divided by g.
12
Let j = 378 - 296. Calculate the remainder when j is divided by 8/(-2*1/(-3)).
10
Let h = -30 - -107. Let w(n) = -14*n + 389. What is the remainder when h is divided by w(25)?
38
Let j(y) = 2*y**2 + 11*y - 6. Suppose 0*x = -10*x - 80. Let v(d) = 16*d + 36. What is the remainder when j(x) is divided by v(-2)?
2
Let k = 56 - 43. Calculate the remainder when 117 is divided by 108/702 - (-791)/k.
56
Suppose 0 = u + 2*h - 5780, 0 = 5*u - 466*h + 469*h - 28851. Calculate the remainder when u is divided by 103.
101
Let u(z) = z + 85. Let c(n) = -n**3 + n**2 + 3*n - 24. Let r be c(0). What is the remainder when u(r) is divided by 16?
13
Let z = -2658 + 2991. What is the remainder when z is divided by 19?
10
Let d(t) = -131*t + 8149. Let m be 2/4*2*233. Suppose -o + 4*a = -m, 3*a - 167 = -o + 80. What is the remainder when o is divided by d(62)?
25
Let m be (4202/44)/(2/4*1). Suppose -3*j + m = 5*d, 4*d - 58 = -3*j + 96. Calculate the remainder when d is divided by 22.
15
Suppose -2*c + 141 = -c + 5*t, -2*c - 4*t + 258 = 0. Suppose 4*n = 3*s - c, -5*s - 3*n + 8*n = -200. What is the remainder when 504 is divided by s?
36
Let z = -1519 + 1568. What is the remainder when z is divided by (-3)/6*-42 - -4?
24
Let f(l) = -l**3 + l**2 + 5. Let c be f(0). Suppose 3*w + c*w = 16. What is the remainder when (-2)/(-6) + (-66)/(-18) is divided by w?
0
Suppose -260 = 16*o - 12*o. Let f = 65 - o. Calculate the remainder when f is divided by 11.
9
Suppose 0 = -23*q - 183*q + 33372. Calculate the remainder when 496 is divided by q.
10
Let h = -174 + 150. Let f(o) = -o**3 - 24*o**2 - 6*o - 51. What is the remainder when f(h) is divided by 35?
23
Let u = 81 - 77. Suppose 5*k = 3*r + 2*r + 560, k - 106 = u*r. Calculate the remainder when k is divided by 29.
27
Suppose 888*k - 872*k = 304. Calculate the remainder when k is divided by 6.
1
Suppose -2*i = -i - 4*k - 12, -4*k - 36 = -3*i. Let o(g) = -380*g - 5. Let q be o(2). Calculate the remainder when 0 - (q/10)/((-2)/(-4)) is divided by i.
9
Let b be (8 - -2)/(1/(-1)). Let x(q) = -11*q - 35. Suppose 2*d = i - 47, -16 = 14*d - 10*d. Calculate the remainder when x(b) is divided by i.
36
Suppose -364 = -3*u - u. Suppose -88*p + 12763 + 4868 = 2143. Calculate the remainder when p is divided by u.
85
Let x(w) be the third derivative of 5*w**4/24 + 83*w**3/6 + 51*w**2. What is the remainder when 85 is divided by x(-13)?
13
Let c = -231 - -155. Suppose 0 = -0*s - 7*s + 35. What is the remainder when -18*(22/(-209) + 30/c) is divided by s?
4
Let f(y) = -31*y + 5. Let g be f(-3). Suppose g = -8*h - 134. Let x = 18 - h. Calculate the remainder when x is divided by 12.
11
Let b(i) = -i**2 + 14*i - 16. Let h be b(19). Let y = 126 + h. Calculate the remainder when 69 is divided by y.
9
Let q be (1386/(-12))/(36/(-8) - -4). Calculate the remainder when 382 is divided by ((-35)/(-15))/(7/q).
74
Let h be (-3 + -5 + 6)*(0 - -2). Let p be 6/h + (9/6)/3. What is the remainder when 17 is divided by -3*p/3*6?
5
Suppose 26*i - 5005 = -1911. Calculate the remainder when 1782 is divided by i.
116
Let p(o) = -o**3 + 9*o**2 - 36*o + 386. What is the remainder when 319 is divided by p(9)?
9
Suppose -17 = -58*f - 206 + 5757. Calculate the remainder when 293 is divided by f.
5
Let i = 97 + -6. Let m = 172 - i. Let f = 106 + -92. Calculate the remainder when m is divided by f.
11
Suppose 127*x = 48*x + 83898. What is the remainder when x is divided by 71?
68
Let u(h) = 2*h**3 - h**2 + h - 1. Let j(b) = 3*b**2 + 8*b + 16. Let z(m) = -j(m) - u(m). What is the remainder when 21 is divided by z(-2)?
10
What is the remainder when (4752/(-32))/(33/(-88)) is divided by 25?
21
Let a = -11 - -15. Suppose -a*s = -9*s + 5. Suppose -3*r - s = 11, 5*k + 5*r - 335 = 0. What is the remainder when k is divided by 15?
11
What is the remainder when 25/((-72)/16 - -5) is divided by 42?
8
Let o(f) = -4*f**3 + 4*f**3 - 2*f + 3*f + f**3 + 11 - 9*f**2. Suppose -27 - 18 = -5*g. What is the remainder when 97 is divided by o(g)?
17
Let z(m) = -4*m**2 - 19*m - 19. Let j(g) = g**2 - 2*g - 1. Let p(f) = 2*j(f) + z(f). What is the remainder when p(-7) is divided by 29?
13
Suppose -g - 3*t + 2*t - 46 = 0, 138 = -3*g - t. Let l = -1057 - -1106. Let x = l + g. What is the remainder when 8 is divided by x?
2
Let i = 215 - 221. Let b(o) be the first derivative of o**3/3 - o**2/2 - 7*o + 1. Calculate the remainder when b(i) is divided by 8.
3
Let q = 4769 + -3334. Suppose -59*h = -52*h - q. What is the remainder when h is divided by 26?
23
Let l = -34458 + 34555. Let d(w) = -w. Let r be d(-4). Calculate the remainder when l is divided by (r/2)/((-2)/(-25)).
22
Let i be (0 + 2/(-3))*-36. Calculate the remainder when i/16*(-16)/(-3) is divided by (16/(-26))/4 - (-123)/39.
2
Let j be 1/(-13)*-28 + (-386)/2509. Suppose 0*q + 2*k + 318 = j*q, -5*q = 5*k - 825. What is the remainder when q is divided by 33?
30
Suppose -4*h = -2*z - 116, 2*h = -30*z - 108 + 352. Let s(r) = 37*r. What is the remainder when s(6) is divided by h?
30
Suppose -4*t = 4 + 88. What is the remainder when (-38)/4*20/(-4 - -2) is divided by (-1 + t)*(-10)/10?
23
Suppose -11116 = -19*s - 2070 + 150. Calculate the remainder when s is divided by 79.
10
Suppose 5*k - 45 = -m, -1906*k = -m - 1903*k + 93. Calculate the remainder when m is divided by 4/((-2)/1) - -15.
10
Let u be 0/((-1)/(3/6)). Suppose u = 8*r - 6*r - 68. What is the remainder when 119 is divided by r?
17
Let x(r) = r**3 - 6*r**2 - 5*r + 4. Let g be x(7). What is the remainder when 167 is divided by 7*(g/(-6))/(-1)?
20
Let a(o) = -11*o + 965. Calculate the remainder when a(59) is divided by 172.
144
Let o(g) = 2*g. Let r be o(1). Let a be (-114)/((-2 - 1) + 1). Suppose 0*w = 3*w - r*b - 57, 3*w - 5*b - a = 0. What is the remainder when 111 is divided by w?
16
Let w = 2287 - 2285. What is the remainder when 100 is divided by w?
0
Suppose 13*p - 557 = 4*b, 5*p + 94*b - 260 = 89*b. Suppose d + d - 1252 = -2*m, -4 = 2*d. Calculate the remainder when m is divided by p.
43
Suppose -3*z - 5 = -2*a, 15*z - 12 = 3*a + 17*z. Calculate the remainder when 146 is divided by (-462)/(-6) + (a - 0).
71
Let o(h) = 12*h + 749. What is the remainder when o(-45) is divided by 20?
9
What is the remainder when (170/(-25))/((-46)/1265) is divided by 79?
29
Let p(c) = 1159*c + 124056. Let r be 1 + (0 - 0) + -2. Calculate the remainder when (-2 + -2*82)/r is divided by p(-107).
37
Suppose 0 = 8*d - 7*d + 3. Calculate the remainder when 138 is divided by (9/12)/((d + 2)/(-56)).
12
Suppose -211*y - 18 = -213*y. Let q(l) = -l**3 + 11*l**2 - 7*l - 66. Calculate the remainder when q(y) is divided by 21.
12
Let a(p) = -p**3 + 7*p + 5. Let g = -24 + 416. What is the remainder when a(-5) is divided by g/(-42)*3/(-2)?
11
Suppose 4*u - 16 = 32. Let l = -1158 - -1207. Suppose -76 = -9*i - l. Calculate the remainder when u is divided by i.
0
Let o = -9599 + 9624. Let v = 20 - 9. What is the remainder when o is divided by v?
3
What is the remainder when 884 is divided by (49728/24)/28 + (10 - -1)?
34
Let z(a) = -25*a + 1675. What is the remainder when 3998 is divided by z(65)?
48
Let k(b) = 100*b - 224. Calculate the remainder when k(10) is divided by 10.
6
Let l(t) = t**3 - 26*t**2 + 23*t + 86. What is the remainder when l(25) is divided by (26/(-4))/((-4)/8)?
10
Suppose 0*b = 5*w + 4*b - 1727, 2*b = -4. Let r = 580 - w. What is the remainder when r is divided by 47?
45
Let g(x) be the third derivative of x**5/20 - 3*x**4/4 + 2*x**3/3 - 20*x**2 - 1. Calculate the remainder when g(8) is divided by 30.
22
Let r = 439 + -396. Calculate the remainder when 2235 is divided by r.
42
Let f(h) = 5*h**2 + 27*h - 6. Let o(a) = 15*a**2 + 83*a - 16. Let u(z) = 8*f(z) - 3*o(z). What is the remainder when u(-5) is divided by 23?
17
Suppose 2*d + r = 7*d - 43, 0 = -4*d + 5*r + 5. What is the remainder when 10 is divided by d?
0
What is the remainder when 114/27 + 3/(-54)*4 is divided by 816/255 + 1/(-5)?
1
Suppose 63 = -7*i + 189. Calculate the remainder when 896 is divided by i.
14
Suppose 10*w - 1030 = -106 + 26. Calculate the remainder when w is divided by 12.
11
Suppose 0 = -329*x + 290*x + 11030 + 52072. What is the remainder when 1629 is di